
True
Is 2274280027 prime?
False
Is 1101379121 a composite number?
False
Is 1509890793 prime?
False
Is 5260338389 prime?
True
Is 3910495891 a prime number?
False
Is 5090593199 prime?
True
Is 4599487313 composite?
False
Is 113501777093 a prime number?
True
Is 47421068867 composite?
False
Is 100779381067 composite?
True
Is 439875703 prime?
False
Is 197791127 prime?
False
Is 1203910133 prime?
True
Is 1290355459 composite?
False
Is 23630555791 a composite number?
False
Is 11467655519 a prime number?
False
Is 1150726813 a prime number?
False
Is 400137482897 prime?
True
Is 1097728523 a composite number?
False
Is 4004855489 prime?
True
Is 161739269 a prime number?
False
Is 384543001 prime?
False
Is 160960991 a composite number?
True
Is 82655273303 a composite number?
True
Is 2896355533 a composite number?
True
Is 2203214003 a composite number?
False
Is 14249956849 composite?
False
Is 535649977 prime?
True
Is 2748226183 composite?
True
Is 3803439637 prime?
False
Is 351712657 a composite number?
True
Is 2308299559 composite?
True
Is 2872466717 a composite number?
False
Is 12825999899 prime?
True
Is 7954578869 prime?
False
Is 4884038743 a composite number?
False
Is 13702532707 a composite number?
True
Is 23404427483 prime?
True
Is 2130858871 prime?
True
Is 22980267974 composite?
True
Is 621402367 composite?
True
Is 1191359593 a composite number?
False
Is 192827881 a prime number?
True
Is 7313420474 composite?
True
Is 9435622691 a composite number?
True
Is 28330860509 a composite number?
True
Is 44581521109 a prime number?
False
Is 8829228813 a prime number?
False
Is 19255175281 a prime number?
True
Is 15679645909 a composite number?
False
Is 266563243 a prime number?
True
Is 10762595009 a prime number?
True
Is 9203208479 composite?
True
Is 1849510337 a prime number?
False
Is 75476551 a prime number?
False
Is 3621292777 a composite number?
True
Is 200472678103 a prime number?
True
Is 840599471 prime?
False
Is 17213219 composite?
False
Is 164848393 a composite number?
False
Is 9744214489 prime?
True
Is 5848506401 prime?
False
Is 78997935607 prime?
True
Is 3148699277 composite?
True
Is 12270644374 prime?
False
Is 5852817043 composite?
False
Is 88170023 a prime number?
False
Is 694224151 composite?
True
Is 5580524302 composite?
True
Is 1591136761 composite?
False
Is 241924789 a composite number?
False
Is 41758916741 a prime number?
False
Is 21316431827 composite?
False
Is 25335689959 composite?
False
Is 4531592257 prime?
True
Is 52712357015 prime?
False
Is 7327580321 prime?
True
Is 2026387393 a composite number?
False
Is 180576079 a prime number?
True
Is 752031073 a composite number?
True
Is 128518863757 composite?
False
Is 380028877 a prime number?
False
Is 1305300877 a prime number?
False
Is 4536089639 a composite number?
False
Is 2357238491 composite?
True
Is 1844453923 composite?
True
Is 322533053 prime?
False
Is 96652709303 composite?
True
Is 55290799237 a composite number?
True
Is 197731637 prime?
True
Is 410162273 composite?
False
Is 37672920821 a composite number?
True
Is 86784181 a prime number?
False
Is 277242158569 composite?
True
Is 3212525553 a prime number?
False
Is 800376743 a composite number?
False
Is 6010644683 prime?
True
Is 686365369 composite?
False
Is 1226668423 composite?
False
Is 159286163 composite?
True
Is 258648763 a composite number?
False
Is 2647426957 a composite number?
True
Is 7317284881 a prime number?
True
Is 139620661 a composite number?
True
Is 93814103 prime?
True
Is 19175737127 a composite number?
False
Is 1177931779 prime?
True
Is 1261202491 prime?
True
Is 3272983438 a composite number?
True
Is 119995954441 a composite number?
True
Is 719004114731 a prime number?
False
Is 5472584161 a composite number?
True
Is 3150168559 a composite number?
False
Is 25236928421 a prime number?
True
Is 2804481521 prime?
True
Is 2041791413 prime?
True
Is 81416015995 composite?
True
Is 2762180605 a composite number?
True
Is 595122917 a composite number?
False
Is 26743179017 a prime number?
True
Is 89942726671 a composite number?
True
Is 6539014763 prime?
True
Is 188533315421 a composite number?
True
Is 1333002479 prime?
True
Is 2407365827 a prime number?
True
Is 13269120451 a composite number?
True
Is 50122370783 composite?
False
Is 1574663267 a composite number?
True
Is 159114055 a composite number?
True
Is 33905830801 a composite number?
True
Is 212413231 prime?
False
Is 364879499 composite?
True
Is 163154208895 prime?
False
Is 2103435707 composite?
False
Is 4243293559 a composite number?
False
Is 54990134539 a composite number?
False
Is 6134887 composite?
True
Is 20201267 composite?
False
Is 201247799 a prime number?
False
Is 174296569 composite?
True
Is 71831741 prime?
True
Is 147135278753 a composite number?
False
Is 1908678901 composite?
True
Is 52329157 a prime number?
True
Is 13823723239 prime?
False
Is 735568111 a composite number?
False
Is 225106069 a prime number?
True
Is 68132241007 a prime number?
False
Is 10993102403 prime?
False
Is 36248100929 a composite number?
True
Is 31540884211 a composite number?
True
Is 19744333487 prime?
False
Is 1803153047 a prime number?
True
Is 62817974833 prime?
True
Is 2872551601 a prime number?
True
Is 8663815 a composite number?
True
Is 1614812833 a prime number?
False
Is 21661425529 composite?
False
Is 8232731317 a prime number?
True
Is 10948356347 composite?
False
Is 38083007 composite?
False
Is 1993294697 a prime number?
False
Is 925612813 a prime number?
True
Is 1170209809 a composite number?
False
Is 1549986623 a composite number?
False
Is 567721331 composite?
False
Is 854976023 prime?
False
Is 3025300511 a prime number?
True
Is 2088890849 a composite number?
False
Is 303241073 a prime number?
True
Is 14950390381 prime?
True
Is 30241906823 prime?
True
Is 8696355623 prime?
True
Is 8635960037 a composite number?
False
Is 1183947313 a composite number?
False
Is 3700261289 composite?
False
Is 279361891 a prime number?
True
Is 13640894341 a prime number?
False
Is 15788870869 a composite number?
False
Is 224840839 prime?
True
Is 12433613 prime?
False
Is 4218440953 a prime number?
True
Is 3789433855 prime?
False
Is 6806679445 a composite number?
True
Is 2370451 prime?
True
Is 20391545303 a prime number?
False
Is 86369880369 prime?
False
Is 3474365381 a composite number?
False
Is 7324862723 a prime number?
True
Is 6085779071 prime?
True
Is 79384298599 a composite number?
False
Is 114068962279 a composite number?
False
Is 9704801207 a composite number?
False
Is 145055490059 a prime number?
True
Is 256266833 a composite number?
True
Is 71269775227 composite?
True
Is 93646951 prime?
True
Is 320745107 a prime number?
True
Is 2040067219 a prime number?
True
Is 1650772847 a prime number?
False
Is 118378636345 a composite number?
True
Is 995035313 a prime number?
False
Is 7835150045 prime?
False
Is 9563495593 a prime number?
True
Is 2459138527 a composite number?
False
Is 22656548357 a prime number?
True
Is 56588957 a prime number?
True
Is 612819941 a composite number?
False
Is 1678548415 a prime number?
False
Is 2578278557 a composite number?
False
Is 1935439243 prime?
False
Is 445278473 a composite number?
True
Is 186209323 prime?
False
Is 1338410573 a prime number?
True
Is 442581808979 composite?
False
Is 444991973 a composite number?
False
Is 2831990195 a prime number?
False
Is 6635537231 a composite number?
False
Is 17406022013 prime?
False
Is 14028346253 a prime number?
True
Is 4766479645 composite?
True
Is 222060259 a composite number?
False
Is 54012397 a composite number?
False
Is 2214519913 a composite number?
True
Is 9717503 prime?
True
Is 2097361853 a prime number?
False
Is 1193467117 a composite number?
False
Is 1010245657 prime?
True
Is 17174331571 prime?
True
Is 2965991429 a prime number?
True
Is 4690375331 a prime number?
True
Is 50370961805 a composite number?
True
Is 281707460659 a composite number?
False
Is 10699148633 prime?
True
Is 4902217553 composite?
True
Is 3738290687 a composite number?
True
Is 486035547 a composite number?
True
Is 3123788053 a prime number?
True
Is 1330383361 a composite number?
False
Is 7046744951 composite?
False
Is 28609271767 prime?
True
Is 4639209739 composite?
True
Is 898537715 composite?
True
Is 122592989 a prime number?
True
Is 324187923 a prime n